se 12, what is -7187 - -1?
-7186
In base 6, what is 10 - 111355?
-111345
In base 8, what is -1 - 70620?
-70621
In base 6, what is -1011 - 130?
-1141
In base 8, what is -1423 - -1253?
-150
In base 7, what is 3 + 51363?
51366
In base 14, what is -244d2 + -14?
-24506
In base 5, what is 233 + -11412?
-11124
In base 2, what is 11000011010001 + 1?
11000011010010
In base 9, what is -44 - 21557?
-21612
In base 11, what is 10470 + -3?
10468
In base 7, what is 0 - 312664?
-312664
In base 5, what is -32 - 303124?
-303211
In base 16, what is 3d + 4f1?
52e
In base 14, what is -2d668 + 2?
-2d666
In base 11, what is -5 - 94a?
-954
In base 7, what is 141212 - 3?
141206
In base 13, what is 1 - -276898?
276899
In base 4, what is -101 - -3332123?
3332022
In base 15, what is 2b - 133?
-107
In base 16, what is 20 + 70?
90
In base 10, what is 13131 + -30?
13101
In base 11, what is -1a + -938a?
-93a9
In base 14, what is -777 + 78?
-6dd
In base 3, what is -2001 + -112012?
-121020
In base 7, what is 5140 + 50?
5220
In base 16, what is -5 + -5b8f?
-5b94
In base 10, what is -5 - -91954?
91949
In base 5, what is 0 + 13430434?
13430434
In base 16, what is 10d6 - -3b?
1111
In base 14, what is 45c - -20?
47c
In base 5, what is -2 - 13314123?
-13314130
In base 4, what is 12 - -220313021?
220313033
In base 11, what is -56 - -48?
-9
In base 4, what is -32222 + 333?
-31223
In base 13, what is 34 - -92?
c6
In base 2, what is 1001011101 - -100100?
1010000001
In base 7, what is -10323 + -56?
-10412
In base 12, what is -6 - -167a0?
16796
In base 14, what is 350 + 136?
486
In base 8, what is -5 + -3533135?
-3533142
In base 4, what is -102 - -100210?
100102
In base 11, what is -5 - -55889?
55884
In base 4, what is 200131021 - 20?
200131001
In base 5, what is -2234320 + 1?
-2234314
In base 8, what is 103 - -354?
457
In base 6, what is -2 + -45352?
-45354
In base 5, what is 1 + -30040041?
-30040040
In base 9, what is 10525663 + -3?
10525660
In base 5, what is 1034112230 - 2?
1034112223
In base 14, what is c + -2cb7?
-2ca9
In base 4, what is -2021010200 - 11?
-2021010211
In base 9, what is 182433 - 11?
182422
In base 12, what is 5 + -61ba2?
-61b99
In base 7, what is -3 + -3422443?
-3422446
In base 9, what is -5 + -2181?
-2186
In base 6, what is 111114000 + -5?
111113551
In base 7, what is 201320 - -6?
201326
In base 7, what is -43 - -151001?
150625
In base 12, what is 1854 + -456?
13ba
In base 9, what is -156 + 241?
74
In base 16, what is 97 - -2ea3?
2f3a
In base 12, what is 1 - 234964?
-234963
In base 9, what is -753180 + -3?
-753183
In base 3, what is -21121022 - -10?
-21121012
In base 10, what is -3173 - 224?
-3397
In base 5, what is 13 - 41421402?
-41421334
In base 5, what is -13022 + 41?
-12431
In base 2, what is -10011 + -1010001101010?
-1010001111101
In base 5, what is -3324 - 2022?
-10401
In base 4, what is -303200 - -113103?
-130031
In base 10, what is 0 + -555929?
-555929
In base 2, what is 10 + 11001001111000?
11001001111010
In base 7, what is 2 + 36064?
36066
In base 5, what is 13114423 - 1?
13114422
In base 5, what is -1 - -1341412?
1341411
In base 16, what is -eda + 9?
-ed1
In base 6, what is -2122 + -231?
-2353
In base 7, what is 146560 + -35?
146522
In base 10, what is -718998 - 2?
-719000
In base 2, what is -101 - -101001100100111011?
101001100100110110
In base 2, what is 1001001100100000 + -1?
1001001100011111
In base 2, what is 1 + 110100011001?
110100011010
In base 8, what is 7 - 4450?
-4441
In base 15, what is -11 + -e00c?
-e01d
In base 14, what is -180c3 + -1?
-180c4
In base 12, what is -1680222 + 1?
-1680221
In base 11, what is 1 - -26425?
26426
In base 6, what is -1 - 121021?
-121022
In base 4, what is -23232 + -3120?
-33012
In base 6, what is 0 - 213202?
-213202
In base 12, what is -25196 - 4?
-2519a
In base 11, what is -296 - 37?
-322
In base 7, what is 1036 + -1?
1035
In base 2, what is 111010000000111111 + 0?
111010000000111111
In base 12, what is -2634 + -27b?
-28b3
In base 4, what is -10003223 + 21?
-10003202
In base 6, what is 0 + -35520?
-35520
In base 12, what is 1 + -11675?
-11674
In base 2, what is 1 + -1000100000111001100?
-1000100000111001011
In base 11, what is 77334 + -50?
77294
In base 10, what is -1 + -36115?
-36116
In base 13, what is -10c + c?
-100
In base 11, what is -6a450 + 0?
-6a450
In base 7, what is 1 + 151632?
151633
In base 6, what is 1454442 - -10?
1454452
In base 12, what is 39 - 2b323?
-2b2a6
In base 11, what is -5 - -713a52?
713a48
In base 3, what is -112021120 - -1021?
-112020022
In base 13, what is 4786 - -33?
47b9
In base 16, what is 2 - b1e02?
-b1e00
In base 8, what is 204230 - 1?
204227
In base 13, what is -12a + -7bba?
-8017
In base 15, what is 1723 + 87?
17aa
In base 10, what is 11 - 1407?
-1396
In base 14, what is -299c + 16?
-2986
In base 10, what is 56278 - -2?
56280
In base 13, what is 210 + -493?
-283
In base 16, what is c + 3ec5c?
3ec68
In base 6, what is 143140 - 3?
143133
In base 2, what is -101 + -11010000100001?
-11010000100110
In base 8, what is 5 - -100013?
100020
In base 8, what is -6 + -34152?
-34160
In base 8, what is -2 - -20167?
20165
In base 4, what is 22022 + -12330?
3032
In base 13, what is c46 - -26?
c6c
In base 6, what is 4203054 + -1?
4203053
In base 15, what is -b9 + -177?
-241
In base 6, what is -2 - -2043013?
2043011
In base 12, what is 77 + -594?
-519
In base 15, what is 4e - -1c5c?
1cab
In base 9, what is 2 - -25105?
25107
In base 16, what is 498 + -c60?
-7c8
In base 7, what is -214452 + -1?
-214453
In base 13, what is -68c + -c7?
-786
In base 15, what is -9c - -5918?
586b
In base 4, what is -1302320120 + -12?
-1302320132
In base 6, what is -1321 - 50?
-1411
In base 11, what is -99 + -183?
-271
In base 6, what is -2 + -45?
-51
In base 2, what is 110111111 - -1?
111000000
In base 4, what is -1133123 + 2?
-1133121
In base 15, what is -c4b + -1e?
-c6a
In base 15, what is -13 - -922?
90e
In base 11, what is -17795 + -13?
-177a8
In base 2, what is 101011111001101 - -11?
101011111010000
In base 11, what is 11666 - -3?
11669
In base 4, what is -3120 - 1102?
-10222
In base 5, what is -13 - 12202023?
-12202041
In base 16, what is -537 + 1bc?
-37b
In base 11, what is 0 + 8a3138?
8a3138
In base 16, what is b110 + 1?
b111
In base 12, what is 1757 + b?
1766
In base 4, what is -12102121 - 111?
-12102232
In base 12, what is -2950 - -5?
-2947
In base 8, what is 337 - -66?
425
In base 12, what is -2 - -29b72?
29b70
In base 6, what is 5310520 - -5?
5310525
In base 4, what is 1130020331 + -3?
1130020322
In base 15, what is 1618d - -3?
16191
In base 15, what is 0 + -3819?
-3819
In base 16, what is -2e + -d63?
-d91
In base 9, what is 5 - -176450?
176455
In base 9, what is -375 + 10?
-365
In base 7, what is 34 - -652?
1016
In base 10, what is 3 - -16272?
16275
In base 14, what is -79d - -8?
-795
In base 11, what is 1415409 + 1?
141540a
In base 3, what is -2 - 11212102122?
-11212102201
In base 15, what is -3187 + -5?
-318c
In base 6, what is 33 - -222?
255
In base 4, what is 13 + -103003?
-102330
In base 10, what is -6939 - -53?
-6886
In base 10, what is -177 - -43?
-134
In base 11, what is 0 + -1105a5?
-1105a5
In base 11, what is -4 - -287?
283
In base 14, what is -5 + 25a68?
25a63
In base 12, what is 1011 + 7a?
108b
In base 14, what is 27d - -8d?
32c
In base 5, what is 4 - 1011321?
-1011312
In base 14, what is -6699 + 4?
-6695
In base 16, what is 6 - -3bbb?
3bc1
In base 7, what is -615640 + 0?
-615640
In base 4, what is 3000 + 30?
3030
In base 16, what is -10 + -2592?
-25a2
In base 11, what is 4416 + 0?
4416
In base 8, what is 2 + 25332?
25334
In base 8, what is 412231 + -2?
412227
In base 14, what is -4424 + 15?
-440d
In base 4, what is -23032 + 22121?
-311
In base 12, what is -1b78 - 264?
-2220
In base 16, what is 4 - 1bebf?
-1bebb
In base 7, what is -1126061 - 1?
-1126062
In base 2, what is -1 + -10000110110110000101?
-10000110110110000110
In base 15, what is 17 + ca86?
ca9d
In base 11, what is 1a - 551?
-532
In base 6, what is 0 + -10025452?
-10025452
In base 11, what is 399a - -15?
3a04
In base 8, what is 656 + -137?
517
In base 14, what is a63bb - 5?
a63b6
In base 9, what is -2285378 - 2?
-2285381
In base 4, what is 2021331120 + 1?
2021331121
In base 16, what is 146 + -9d?
a9
In base 11, what is -4 + -15386?